 21 - (-4 + -1)) + -7.
-5
What is -40 + (8 - 4) + (-8 - -2 - -7)?
-35
Calculate (-170 - -162) + -7 + -2.
-17
Evaluate 9 - (3 + (6 - 7) - 3) - 2.
8
What is the value of (5 + 0 + 20 + -23 - 1) + 4?
5
Calculate -10 + (-4 - -4) + 12 + 2.
4
Calculate -3 + 0 + (-39 - -23 - -8).
-11
What is 0 - 2 - (-102 + 9 - -67)?
24
Calculate -1 - 1 - (3 + (14 - 14)).
-5
What is -7 - (-9 - -12 - (16 + 0))?
6
-2 - -13 - (27 - (9 + 41))
34
0 + -3 + (-6 + (1 - -5) - -7)
4
(8 - 5) + -7 + 0 + 9
5
What is 8 + -3 + (2 - 4) + 1?
4
Calculate 1 + (4 - 1) + 46 + -31.
19
(7 - (-1 + 13 + -6)) + 7
8
What is -1191 + 1221 - (27 + -1)?
4
-3 + -31 - (584 - 636)
18
Calculate 21 + (-38 - -15) + 15.
13
Calculate -147 + 166 + (1 - -4 - -2).
26
What is the value of -8 - (-26 - -10) - -3?
11
1 + (-2 - 1) + -3 + 11
6
Calculate (-9 - (-9 + 10 + 7)) + 5.
-12
What is (3 + -3 - -2) + 10 - 4?
8
What is (41 - 26) + -21 - 10?
-16
Evaluate (14 - 10) + -22 + 3 + 11.
-4
Evaluate 2 + -1 + 7 - (16 + -6).
-2
What is -33 - 38 - -67 - (17 + 1)?
-22
Evaluate -4 + (11 - (-26 - -15)).
18
What is the value of (7 - (-3 - -4)) + -24 - (0 - 4)?
-14
What is 5 + -90 + 76 + (-1 - -1) - 17?
-26
What is the value of 39 + -5 - (-75 - -93)?
16
What is 9 - (0 - -20) - -6?
-5
What is the value of 5 - ((-2 - 18) + 13)?
12
1 + 0 - (2 + 0 + -73 + 84)
-12
-5 - (6 - (7 + 2) - 7)
5
What is -366 + 367 - (12 + -1)?
-10
Calculate (1 - -5) + -17 + 36 + -25.
0
What is 15 - 1 - (6 - (-11 + -10))?
-13
What is the value of -17 + (-28 + -11 - -29)?
-27
What is 1 - 5 - (-1 - (8 + -13 + -2))?
-10
What is -13 + 8 + 9 + 7?
11
What is 2 + 1 + 3 - (3 - (-10 - -22))?
15
What is 5 + 9 + -6 + -8 + -2 - -9?
7
What is 4 + 4 + -31 + (94 - 93)?
-22
8 + (-1 + -6 - 2 - (1 - 7))
5
What is -5 + 13 - (2 - (9 + -3))?
12
-15 + 32 + -17 - (1 - 2 - -7)
-6
29 + -9 - 31 - -28
17
Evaluate 15 + (14 - (2 - -33)) + -6.
-12
What is 27 + (6 - -4) + -22?
15
(0 - (-4 + 3 - -3)) + -1 + -3
-6
Evaluate 16 - (10 - -3 - (-7 + -2)).
-6
What is 10 + -14 - (-6 - 2) - -2?
6
(15 + 4 - 59) + 21
-19
Calculate 23 + -33 - (-8 + (7 - -14)).
-23
What is (65 - 44) + 0 + 0?
21
What is the value of (20 - 25) + (-1 - 13) + -12 + 14?
-17
Calculate (-23 - -29) + -2 + 3 + 4.
11
Evaluate 11 - ((12 - 18 - -8) + 18) - 14.
-23
0 + -5 + 15 + -1 + (-15 - -4)
-2
1 + 6 + -21 + 10
-4
Evaluate -6 + 5 + (-4 - 4).
-9
What is -10 + -19 + 11 - -8?
-10
What is the value of -5 + (16 - 1) - (-2 - 3)?
15
21 - (2 - 1) - (16 - -1 - 9)
12
Calculate (2 - 14) + (45 - (19 - -23)).
-9
What is 8 + -29 - (6 - 10 - 3 - -9)?
-23
What is the value of (28 - 25 - -21) + 1?
25
Calculate 43 + -16 + 0 + -2.
25
What is (15 - -3) + (-71 - -58 - (-11 - -2))?
14
What is the value of (-212 - -208) + (2 - (1 - 3 - -4))?
-4
-11 + (8 - (16 - 39))
20
5 + 2 - (19 + (-10 - 8) + -8)
14
(-2 + 0 + 6 - 10) + 4 - -7
5
79 + 34 + -74 + -13
26
Calculate 1 + (0 - (-14 + 2) - (616 - 611)).
8
What is 3 + (-11 - -1) + -9 - 1?
-17
What is 0 + 1 - (10 - (2 - (-7 - -11)))?
-11
Evaluate -64 + 78 - (-1 + 21).
-6
Evaluate -12 - (0 - 30) - 13.
5
What is the value of -13 + -2 + 4 + -7 + 6 + 2?
-10
-5 - (-8 - (-10 - (-11 - -5)))
-1
Calculate 0 + 24 - (153 - 153).
24
What is the value of (17 - 0) + 1 - 4 - -7?
21
What is the value of (-9 - (-12 - (-13 + 9))) + 14?
13
Calculate -5 + (-6 - -13) + -28 - (-1 + -2).
-23
Evaluate 3 - (12 - (-6 - (-3 - (0 + -4)))).
-16
What is -24 - (12 + (11 - 16) + -15)?
-16
What is the value of (2 + 28 - ((-7 - -6) + -2)) + -2?
31
-10 - (14 + -5 + -4 - 6)
-9
What is the value of (-3 - (5 - (-4 + -10 + -1))) + 7?
-16
What is the value of 5 - (-4 + 11 + -22 + 4)?
16
What is (244 - 264) + 2 + 20?
2
What is (-22 - 0) + 54 + -18?
14
Evaluate (-1 - -7) + (-109 - -103) - (-1 + -16).
17
Calculate 1 - (-17 + 1 + 2).
15
What is the value of -17 - (-15 + (-14 - -22))?
-10
Evaluate -10 + -131 + 145 + -13 + 1.
-8
-1 - (47 - 17 - 14)
-17
What is -8 - ((-9 - 1) + 11) - -10?
1
Evaluate -5 - (14 - (2 + 11 - 5)).
-11
What is the value of 29 + (5 - -1) + (25 - (49 + -8))?
19
(29 - (23 - -5)) + -21
-20
What is (2 - 15) + 30 + -38 - 3?
-24
Calculate 13 + -3 + 8 + -13 - -2 - -4.
11
Evaluate (-1 - -10 - (1 + -3)) + 10.
21
Evaluate 2 + (5 + -3 - 8) + -1.
-5
What is the value of 9 + 14 + (-2 - 11)?
10
Calculate -5 + -7 + -20 + 31 + -2.
-3
What is the value of 3 + 0 + (0 - -20) + 12 + -26?
9
Calculate 2399 + -2421 + (1 - (-11 - -1)).
-11
13 - (14 + 1 + -9)
7
2 - (-1 + 0) - (-11 + 27 - 15)
2
12 + -32 + (11 - (4 - 1)) + 5
-7
Evaluate 9 + (-2 - (3 + -1)) + -12.
-7
Evaluate -91 - -94 - (-5 + 1).
7
-54 + (28 - (1 - 7))
-20
-30 - (2 - (32 - 7))
-7
Evaluate 2 - ((-10 - -5) + -5) - -3 - -9.
24
What is -2 + 9 + -21 - -5 - 0?
-9
9 + (-1 - 1) + (-133 - -119) + 2
-5
What is (-11 - -6) + 3 + -4 + 65 + -32?
27
What is the value of (1 - 27) + 9 + 10?
-7
Calculate 7 - (31 - (3 + 12)).
-9
Evaluate 8 - (-33 + 23 + 5).
13
Calculate 219 + -213 + (0 - (3 - -20)).
-17
2 + -10 + (9 - (23 - 6) - -11)
-5
Calculate (3 - -19) + -15 + 8.
15
What is the value of ((-2 - 1) + 1 - -18) + (10 - 12)?
14
What is 3 + 3 - (7 - -1 - 2)?
0
Calculate -56 + 35 + -4 + 27.
2
4 + (13 - (27 + -2))
-8
Calculate -18 + (7 + -4 - -13).
-2
What is (68 - 81) + (-5 - -30)?
12
Evaluate -12 + -6 + 11 + -11 + 3.
-15
What is the value of -28 + 13 - (-13 - (22 - 12))?
8
What is the value of 4 + 21 + -8 - 2?
15
What is (-2 - -10) + -7 - -1 - 13?
-11
2 + -38 + (14 - -5 - 15)
-32
What is 883 - 867 - (2 + -24)?
38
Calculate (20 - 50) + 18 + 4.
-8
Calculate -11 + 19 + -6 - (-5 - -13).
-6
Evaluate 1 + -3 + -2 + -18 + -4 + 13.
-13
What is the value of -1 - 5 - ((-33 - -23) + -7)?
11
-4 + -1 + (29 - 29) + 12
7
Evaluate 6 - -1 - (10 + 0).
-3
Evaluate 8 + -6 + -3 + -20 + 11.
-10
(7 + -1 - (-12 + 3)) + -3 + 1
13
What is the value of (-43 - -39) + (10 - -1) + 0 + 1?
8
Calculate -10 - (4 + -2) - -6.
-6
Calculate 112 + -109 + (-1 - 1).
1
Calculate (-17 - -13) + (-3 - (2 + (4 - 4))).
-9
What is -13 - -4 - -3 - (-2 - -10)?
-14
What is the value of 23 + (-13 - 1) - (0 + -6)?
15
What is 33 + -19 - (-2 - -38)?
-22
What is the value of 9 + 5 + 4 + -6?
12
Calculate -15 - (-22 - (5 - 18)).
-6
(-3 + 6 - 3) + (0 - 2) + -10
-12
What is 41 - (16 - (7 - -10 - 15))?
27
Calculate (6 - 6 - 0) + -1 + -3 + 12.
8
What is the value of -34 - (18 - 19) - -19 - -17?
3
Calculate -7 + (2 - 12) + -11 + 0.
-28
What is (7 + -2 - (-85 - -79)) + -13?
-2
Evaluate 6 + (-5 - (-2 + -6)) + 5.
14
Calculate (-5 - (4 - 4 - 12)) + (30 - 23).
14
Calculate 2 + 3 + -5 + 2 + -8 + 0.
-6
What is -1518 - -1505 - ((-1 - 0) + -11)?
-1
Evaluate 6 + -1 + (-6 + -5 - -4).
-2
Evaluate 14 - ((6 - 3) + -5 + 13).
3
-4 - -2 - (0 + 1 - (13 + -13))
-3
25 - (15 - -4) - 31
-25
What is -2 + 5 + 6 - (8 - (1 + 1))?
3
What is (-22 - -31) + 9 - (8 + 6)?
4
What is 7 - (21 + -24 + -3 + 31)?
-18
What is the value of -9 - (-4 - 10) - (12 + -3 + 0)?
-4
Calculate 30 + (-17 - -7) + -6.
14
What is 7 - (6 - (-2 + 9 - -3 - 3))?
8
Calculate 5 + -9 + -4 + 0.
-8
Evaluate (-2 - (0 - 12 - 12)) + -9.
13
What is 2 + 3 + (1 - 12 - (-11 - -2))?
3
-2 + -11 - (12 + -30)
5
What is (-4 + -6 + 18 - 4) + -15?
-11
What is -5 + (-4 - -6) + (2 + 28 - 9)?
18
Evaluate (14 - 17) + -8 + (-5 - -3).
-13
(9 + -13 + -7 - -17) + (0 - 2)
4
Calculate 26 - (-12 + (-21 - -81)).
-22
Evaluate -14 + (3 - -2) + 6.
-3
What is 353 + -373 - (-1 - 36)?
17
Calculate 3 + (-25 - (-5 - (-4 - -7))).
-14
Calculate (-13 + 7 - ((-2 - 4) + -4)) + 13.
17
What is the value of 6 + -10 - (-15 - -11) - -4?
4
5 + (-13 - -10) - ((12 - 6) + -17)
13
What is (3 - 10) + 6 + 5 + (3 - 15)?
-8
What is the value of 18 + -51 + 5 + 8?
-20
(34 + -20 - -6) + -28
-8
-1 + -1 - (8 - (-4 + 15)) - -5
6
What is the value of 13 + (-19 + -29 - -25)?
-10
Evaluate -1 + (9 - -1 - 19) + -8.
-18
-14 + 7 + (-2 - 1)
-10
Evaluate 16 - (7 - (11 - 9)).
11
What is 18 + -46 - -23 - (-2 + 10)?
-13
Calculate (1 - -19) + (-25 - (-42 + 31)).
6
What is 801 + -790 + (9 + 1 - 1)?
20
-4 + (-3 - ((1 - 5) + -3) - 0)
0
What is -8 + -1 - (21 + (-14 - 4))?
-12
What is the value of -5 - ((-4 + 2 - -1) + 39 + -41)?
-2
What is the value of -9 - (-15 + 19 - 19)?
6
What is (44 - 13) + (-3 + -2 + 4 - 7)?
23
What is the value of 3 + (3 - (16 + -3 + 7)) + 4?
-10
(-36 - 2) + (-20 - (-18 + -5)) + 11
-24
Evaluate (7 - 1) + (-3 - ((-9 - -1) + 1)).
10
(2 - 8) + -2 - (-4 + -17)
13
Calculate (-39 - -41